*a**2/2 + a. Give o(x).
3
Let s = -97 + 123. Let q be (s + -24)*(-1 - -1*4). Let p(w) be the third derivative of w**6/120 - w**5/10 - w**4/24 + 4*w**3/3 + w**2. Calculate p(q).
2
Let x(a) = -a**3 - a**2 - a. Let h(t) = -3*t**3 - 10*t**2 - 2*t - 6. Let k(f) = -h(f) + 2*x(f). Determine k(-8).
6
Let y(n) = -2*n - 7. Suppose -14*s = -2*s + 36. Calculate y(s).
-1
Let g(z) = -2*z**2 + 6*z - 2. Let t be g(5). Let a = t - -26. Let b(m) = -2*m + 6. Give b(a).
-2
Suppose 31*j = 36*j - 15. Suppose -6 = -j*y + 5*p, 0*y = -5*y + 4*p + 10. Let c(w) = w**3 - 3*w + 3. Calculate c(y).
5
Suppose c = 10*c - 9. Let d(b) = 6*b**2 - 5*b + c - 5*b**3 + 4*b**3 - 3. Calculate d(5).
-2
Let i(q) = -3*q**2 + 4. Let h(l) = -l**2 - l + 1. Let g(r) = -2*h(r) + i(r). Calculate g(2).
2
Let m = -1 - 24. Let z be (m/(-10))/((-2)/(-4)). Let j(d) = d**2 - 5*d - 6. What is j(z)?
-6
Let d(h) = h**3 + 14*h**2 + 2*h + 30. Let i be d(-14). Let s(x) = 2 - x**3 + 31*x - 8*x**i + 21*x - 59*x. Give s(-7).
2
Let f(m) = m + 10. Let x(l) = -2*l**2 + 19*l - 17. Let t be x(9). Calculate f(t).
2
Let t(r) = r**3 - 4*r**2 - r + 6. Let f = -53 - -57. Give t(f).
2
Suppose 5*u = -3 + 8. Let l be (u - -1)/(-4 - -3). Let w = 6 + l. Let v(p) = -p**2 + 3*p - 2. Determine v(w).
-6
Let a(u) = 4*u**2 - 5*u - 8. Let l(i) = -i**2 + 1. Let n(z) = a(z) + 6*l(z). Let f(r) be the first derivative of n(r). Let s be 752/564 + (-32)/6. Give f(s).
11
Let k(z) = 0*z + 4*z - 6*z - 11 + 3*z + z**2. What is k(0)?
-11
Let o(y) be the first derivative of -y**2/2 + 4*y - 163. Determine o(9).
-5
Suppose 0 = -4*n + k - 58, 2*k + 2*k - 50 = 3*n. Let x be (-2)/n - 1183/49. Let z be (4/3)/(x/(-54)). Let i(p) = -3*p - 1. What is i(z)?
-10
Let l(n) = -91 + 61 + 27 + 6*n. Suppose 0*p + 2 = -3*a + 2*p, 0 = -a + 4*p - 14. Determine l(a).
9
Let c(s) = s**2 - s + 1. Let f(n) = -n**2 + 6*n - 6. Let v be f(4). Let d be c(v). Let r(a) = 4*a**d - 4*a**2 + 5*a**2 - 5 + 0 + 4. Give r(1).
4
Let r(u) be the second derivative of u**3/6 + 7*u**2/2 - 557*u. Give r(-4).
3
Let q(d) = d**3 + 6*d**2 - 18*d - 11. Let g be q(-8). Let z(a) = -4 + g + 2 - 3*a. Calculate z(2).
-3
Let v(r) = -r**2 - 4. Let i be (-90)/180*0/1. Give v(i).
-4
Let s(a) be the second derivative of a**4/6 - 5*a**3/3 + 4*a**2 - 19*a + 3. Give s(6).
20
Let r(j) be the third derivative of -j**4/24 + 5*j**3/6 - 359*j**2. Give r(18).
-13
Let w(t) be the second derivative of 2*t**2 + 1/12*t**4 + 5/6*t**3 + 0 + 35*t. Let m = -3 - 2. Determine w(m).
4
Let v(b) = b**2 - 3*b + 1. Let j(p) = 2*p**2 + 45*p - 68. Let i be j(-24). Determine v(i).
5
Suppose -4*h + 5*c + 15 = 0, 0*h + 2*c = 4*h - 6. Let f(m) = m - 6. Let s be f(7). Let b(t) = -2*t**2 - 3*t + h*t**2 + 5*t - s + 0*t. Calculate b(2).
-5
Let r be (-16)/(-6)*(3 - 9/6). Suppose 0 = -5*z - r*u - 34, 4*z - 5*z + 3*u - 3 = 0. Let s(k) = k**3 + 5*k**2 - 6*k. Determine s(z).
0
Let h(y) = y**3 - 3*y**2 + 2*y + 2. Let c(v) = -2*v - 1. Let p be c(1). Let m(r) = r + 6. Let z be m(-4). Let f be p/z*32/(-24). Calculate h(f).
2
Let l(w) = w**3 + 3*w**2 + 25*w + 71. Let p be l(-3). Let a(b) = -3*b + 1. Let o(d) = -8*d + 4. Let m(k) = 11*a(k) - 4*o(k). What is m(p)?
-1
Let b(c) be the first derivative of -c**6/120 - c**5/40 - c**3/3 + 17. Let v(x) be the third derivative of b(x). Calculate v(-2).
-6
Let d(n) = n**2 - 4*n - 3. Let t(i) = 7*i + 17. Let x be t(-2). Calculate d(x).
-6
Let q(g) be the second derivative of -g**4/6 - g**3/3 - g**2 + 2*g. Suppose -s + 4*n + 17 + 22 = 0, 5*s - 220 = -5*n. Let k = s - 45. What is q(k)?
-6
Let k(t) = 5*t**2 + 13*t - 37. Let a(p) = p**2 + 2*p - 1. Let v(m) = 4*a(m) - k(m). What is v(-8)?
9
Let r(m) be the second derivative of m**3/2 + 2*m**2 + 25*m. Let g(y) = 3*y - 5. Let b be g(0). Give r(b).
-11
Let s be (18/(-15))/((-5)/200). Suppose s = -3*h + 27. Let q(w) = w**2 + 9*w + 6. Calculate q(h).
-8
Let w = 116 + -114. Let h(q) = -q**3 + 6*q - 5. Let r be h(w). Let j(d) = -2*d**2 + d + 1. Calculate j(r).
-2
Let o be -3*6 - (-5)/((-30)/(-36)). Let w(c) = c + 10. What is w(o)?
-2
Let d(b) = -b**2 - 11*b - 10. Suppose -4*f - k - 36 = -5*k, 4*f + 48 = -2*k. Determine d(f).
-10
Let s(b) = 4*b. Suppose -10 = 3*j + 5*h, -3*j + 2*h = h - 20. Suppose 2*r = j*r + 6. Give s(r).
-8
Suppose 0 = 15*c - 3*c + 120. Let q be ((-6)/6)/((-2)/c) - 2. Let o(m) = -m**2 - 9*m + 1. What is o(q)?
15
Suppose 9 = -5*f - 4*a, -9*f + 14*f = 5*a - 45. Let n(l) = -l**2 - l + 3. What is n(f)?
-17
Let c be -5*(-3 + -1 - -3). Suppose 10*m + 41 = c*m + 3*n, -3*m - 13 = 4*n. Let o(s) = s**2 + 5*s - 9. Calculate o(m).
5
Let j(l) = 22*l**3 - 7*l**2 + 15*l - 9. Let o(u) = 3*u**3 + u. Let h(r) = j(r) - 7*o(r). Determine h(6).
3
Let j(q) be the second derivative of q**5/20 - 7*q**4/12 - 5*q**3/3 + 5*q**2 - 10*q + 1. Calculate j(8).
-6
Let p(c) be the third derivative of -c**7/5040 - c**6/720 + 4*c**5/15 - 10*c**2. Let n(u) be the third derivative of p(u). Determine n(-4).
3
Let a(m) = -m**3 - 5*m**2 + 5*m - 5. Let l be 1/((-2)/(0 - -10)). Let q = l - -2. Let s be -5 + 1 + (q - -1). What is a(s)?
1
Let j(i) be the second derivative of -i**3 + 23*i**2 - 32*i + 2. Determine j(9).
-8
Let k(v) = 7*v - 1. Suppose -9*j + 6*j + 153 = 0. Let r = -50 + j. Calculate k(r).
6
Let k(b) be the first derivative of 2*b**2 - 4*b + 5. Suppose -j + 4 = 1. Calculate k(j).
8
Let j(l) = -3*l + 9. Let y be ((-12)/10)/((-2)/(-10)). Let i = y + 3. Let z be 6/i - -9 - 1. Determine j(z).
-9
Let i = -8 - -14. Let l = 4 - i. Let d(r) be the second derivative of r**5/20 + r**4/4 - r**3/3 - r**2 - 8*r. Give d(l).
6
Let f(x) = x**3 - 8*x**2 + x - 4. Suppose 2*g + 18 = 4*i + 46, 2*g - 25 = 3*i. Determine f(g).
4
Let c(r) = 3*r - 16 - 4 - 4*r - 1. Let o be c(-18). Let q(l) = l**2 - 2. Determine q(o).
7
Let w(m) = -m**3 - 7*m**2 - 17*m - 71. Let z be w(-6). Let y(u) = -3*u**2 - 11*u + 14. Give y(z).
-6
Let u(l) be the first derivative of l**3/3 - 7*l**2/2 + 5*l - 478. What is u(5)?
-5
Let c(y) = 2*y - 15. Let j = 242 + -238. What is c(j)?
-7
Let p(v) = 16*v**2 + 2*v - 1. Suppose 4*t + 3*r = 3, 2*t + 0*r - 18 = 4*r. Suppose -b + 11 = -2*b + t*w, -5*w = 2*b - 22. Determine p(b).
17
Let i be (-88)/14 - 1/(7/(-2)). Let a(p) = -p**2 - 3*p. Determine a(i).
-18
Let b(z) = -z**2 - 10*z + 13. Suppose -10*v - 12*v = 242. What is b(v)?
2
Let m(p) = p + 1. Let n(h) = h**2 + 29*h - 98. Let k be n(-32). Calculate m(k).
-1
Let r = 803 - 800. Let q(f) = 5*f - 12. Calculate q(r).
3
Let o be (1/(-3))/(7/(-63)). Suppose a = -1, -o*a + 4*a = -j + 2. Suppose -2*i + 3*i + 3*m = -15, -3*m - j = -3*i. Let g(l) = -3*l - 2. Calculate g(i).
7
Let t(v) be the first derivative of v**3/3 - v**2/2 - 6*v + 370. What is t(3)?
0
Let y(p) = -2*p + 14. Let s = -1060 + 1072. What is y(s)?
-10
Suppose -10*r - 8 = -8*r. Let s(m) be the second derivative of -m + 0 + 3*m**2 + 5/6*m**3 + 1/12*m**4. Calculate s(r).
2
Let q(f) be the second derivative of -1/12*f**4 - 1/6*f**3 - f + 0 + f**2. Suppose -6*x - 11*x - 28*x + 135 = 0. Calculate q(x).
-10
Let k = 496 + -499. Let a = -4 - -4. Let h(j) = j**2 + 0*j**2 + 4 + 6*j + a*j**2. Calculate h(k).
-5
Suppose 0 = -3*h - 3*p - 27, 5*h - 13 = 6*h + 5*p. Let g(b) = -b**2 - 3*b + 11. Give g(h).
-29
Let s = 8 - -9. Suppose 0 = -3*a - 4 - s. Let c(u) = u**3 + 6*u**2 - 7*u - 7. Calculate c(a).
-7
Let w(h) = h**2 - 13*h + 20. Let o be w(11). Let r(k) be the first derivative of -k**3 - 2*k - 1/4*k**4 + 2 - 3/2*k**2. Determine r(o).
0
Let w = 5 + 24. Let v = w + -35. Let t(x) = -x**3 - 6*x**2 + 2*x - 1. What is t(v)?
-13
Let o(s) be the second derivative of -s**4/12 + 2*s**3/3 - 5*s**2/2 + 24*s. Suppose 9*t + t - 50 = 0. Calculate o(t).
-10
Suppose 66 = 9*m + 2*m. Let x(h) = -h + 9*h - 5*h - m*h + 7. Calculate x(5).
-8
Let f(a) = 2*a - 5. Let h(j) = j**3 - 38*j**2 + 4. Let v be h(38). Determine f(v).
3
Let h(z) be the third derivative of z**6/120 + z**5/10 - 17*z**4/24 - 2*z**3 + 2*z**2 - 105. Determine h(-8).
-4
Let b(l) = -l - 8. Suppose 38 - 2 = 6*u. Suppose 57 = -u*a + 21. What is b(a)?
-2
Suppose 2*n + 14 = -o + 2, -2*o = -3*n - 18. Let i(t) = -t - 5. Let k(m) = m + 1. Let z(f) = i(f) + 2*k(f). Determine z(n).
-9
Let j be 3 - (3 + 1) - -5. Suppose -3*b + 25 = j*q, 5*q - 1 - 7 = 4*b. Suppose q = 3*z - 4*t + 13, 2*z + 2*t = -6. Let w(p) = 2*p**2 + 5*p + 4. Give w(z).
7
Let t(v) = 19*v